{"id":411,"date":"2022-11-02T16:53:30","date_gmt":"2022-11-02T15:53:30","guid":{"rendered":"https:\/\/xn--caplest-bwa.com\/?page_id=411"},"modified":"2023-09-19T13:36:52","modified_gmt":"2023-09-19T11:36:52","slug":"iran","status":"publish","type":"page","link":"https:\/\/xn--caplest-bwa.com\/index.php\/iran\/","title":{"rendered":"IRAN"},"content":{"rendered":"\n<p>Bonjour \u00e0 tous, <\/p>\n\n\n\n<p>Comme vous vous en doutez probablement, je r\u00e9fl\u00e9chis depuis plusieurs semaines \u00e0 la suite de mon itin\u00e9raire apr\u00e8s la Turquie en raison des r\u00e9cents \u00e9v\u00e8nements en Iran. J&#8217;ai beaucoup lu et \u00e9couter les informations \u00e0 ma disposition, j&#8217;ai pu \u00e9galement discuter avec des voyageurs encore sur place et, apr\u00e8s r\u00e9flexion, j&#8217;ai d\u00e9cid\u00e9 de continuer comme pr\u00e9vu, sous r\u00e9serve que je puisse passer la fronti\u00e8re ce jeudi 3 novembre 2022. <\/p>\n\n\n\n<p>Je sais que c&#8217;est une d\u00e9cision controvers\u00e9e et je pourrais en discuter plus longuement en priv\u00e9 si vous le souhaitez mais, d&#8217;apr\u00e8s mon analyse personnelle des informations \u00e0 ma disposition, il me semble possible de pouvoir voyager en Iran en respectant certaines r\u00e8gles et en restant vigilant m\u00eame s&#8217;il y a bien entendu des risques.<\/p>\n\n\n\n<p>Je vais essayer de continuer de mettre \u00e0 jour le blog mais il se peut que ce soit moins fr\u00e9quent suivant la disponibilit\u00e9 du r\u00e9seau internet. Bien entendu, je ne ferai aucune observations sur la situation politique du pays et je vous prie d&#8217;en faire de m\u00eame car sinon je ne pourrai pas publier vos commentaires.<\/p>\n\n\n\n<p>C&#8217;est un projet de voyage qui me tient \u00e0 c\u0153ur et les autres alternatives d&#8217;itin\u00e9raires ne me convenaient pas mais je vous assure que je ne m&#8217;obstinerai pas non plus dans une voie si je la juge trop risqu\u00e9e.<\/p>\n\n\n\n<p>Merci de votre int\u00e9r\u00eat pour ce blog et de vos commentaires, cela me fait un grand plaisir et me motive beaucoup pour continuer de l&#8217;alimenter et de l&#8217;am\u00e9liorer donc n&#8217;h\u00e9sitez pas \u00e0 me partager vos avis!<\/p>\n\n\n\n<p>Cap \u00e0 l&#8217;est.<\/p>\n\n\n\n<p>Hugues<\/p>\n","protected":false},"excerpt":{"rendered":"<p>&#8230;<\/p>\n","protected":false},"author":1,"featured_media":0,"parent":0,"menu_order":0,"comment_status":"closed","ping_status":"closed","template":"","meta":{"footnotes":""},"class_list":["post-411","page","type-page","status-publish","hentry"],"_links":{"self":[{"href":"https:\/\/xn--caplest-bwa.com\/index.php\/wp-json\/wp\/v2\/pages\/411","targetHints":{"allow":["GET"]}}],"collection":[{"href":"https:\/\/xn--caplest-bwa.com\/index.php\/wp-json\/wp\/v2\/pages"}],"about":[{"href":"https:\/\/xn--caplest-bwa.com\/index.php\/wp-json\/wp\/v2\/types\/page"}],"author":[{"embeddable":true,"href":"https:\/\/xn--caplest-bwa.com\/index.php\/wp-json\/wp\/v2\/users\/1"}],"replies":[{"embeddable":true,"href":"https:\/\/xn--caplest-bwa.com\/index.php\/wp-json\/wp\/v2\/comments?post=411"}],"version-history":[{"count":4,"href":"https:\/\/xn--caplest-bwa.com\/index.php\/wp-json\/wp\/v2\/pages\/411\/revisions"}],"predecessor-version":[{"id":3378,"href":"https:\/\/xn--caplest-bwa.com\/index.php\/wp-json\/wp\/v2\/pages\/411\/revisions\/3378"}],"wp:attachment":[{"href":"https:\/\/xn--caplest-bwa.com\/index.php\/wp-json\/wp\/v2\/media?parent=411"}],"curies":[{"name":"wp","href":"https:\/\/api.w.org\/{rel}","templated":true}]}}