{"id":2160,"date":"2023-03-28T04:13:25","date_gmt":"2023-03-28T02:13:25","guid":{"rendered":"https:\/\/xn--caplest-bwa.com\/?page_id=2160"},"modified":"2023-03-28T04:13:26","modified_gmt":"2023-03-28T02:13:26","slug":"le-reste-du-voyage","status":"publish","type":"page","link":"https:\/\/xn--caplest-bwa.com\/index.php\/le-reste-du-voyage\/","title":{"rendered":"Le reste du voyage"},"content":{"rendered":"\n<p>Bonjour \u00e0 tous et \u00e0 toutes.<\/p>\n\n\n\n<p>Finalement j&#8217;ai d\u00e9cid\u00e9 de continuer la mise \u00e0 jour de ce blog pour raconter la suite de mon voyage apr\u00e8s mon itin\u00e9rance sur la route de Paris \u00e0 Katmandou.<\/p>\n\n\n\n<p>J&#8217;ai fait une s\u00e9paration car ce n&#8217;est plus exactement le m\u00eame type de voyage \u00e0 mes yeux en prenant l&#8217;avion qui me propulse d&#8217;une traite \u00e0 des milliers de kilom\u00e8tres plus loin sans avoir le temps de voir les changements progressifs de populations, de cultures et de paysages.<\/p>\n\n\n\n<p>Mais vous retrouverez sans doute certaines similitudes dans ma d\u00e9couverte de ces nouveaux pays et, je l&#8217;esp\u00e8re, de l&#8217;int\u00e9r\u00eat. Je pensais arr\u00eater d&#8217;\u00e9crire apr\u00e8s mon d\u00e9part de Katmandou mais apr\u00e8s quelques semaines de r\u00e9flexion j&#8217;ai eu \u00e0 nouveau envie de partager cette suite de mon p\u00e9riple qui me procure toujours autant de plaisir.<\/p>\n\n\n\n<p>Bonne lecture!<\/p>\n","protected":false},"excerpt":{"rendered":"<p>&#8230;<\/p>\n","protected":false},"author":1,"featured_media":0,"parent":0,"menu_order":0,"comment_status":"closed","ping_status":"closed","template":"","meta":{"footnotes":""},"class_list":["post-2160","page","type-page","status-publish","hentry"],"_links":{"self":[{"href":"https:\/\/xn--caplest-bwa.com\/index.php\/wp-json\/wp\/v2\/pages\/2160","targetHints":{"allow":["GET"]}}],"collection":[{"href":"https:\/\/xn--caplest-bwa.com\/index.php\/wp-json\/wp\/v2\/pages"}],"about":[{"href":"https:\/\/xn--caplest-bwa.com\/index.php\/wp-json\/wp\/v2\/types\/page"}],"author":[{"embeddable":true,"href":"https:\/\/xn--caplest-bwa.com\/index.php\/wp-json\/wp\/v2\/users\/1"}],"replies":[{"embeddable":true,"href":"https:\/\/xn--caplest-bwa.com\/index.php\/wp-json\/wp\/v2\/comments?post=2160"}],"version-history":[{"count":1,"href":"https:\/\/xn--caplest-bwa.com\/index.php\/wp-json\/wp\/v2\/pages\/2160\/revisions"}],"predecessor-version":[{"id":2162,"href":"https:\/\/xn--caplest-bwa.com\/index.php\/wp-json\/wp\/v2\/pages\/2160\/revisions\/2162"}],"wp:attachment":[{"href":"https:\/\/xn--caplest-bwa.com\/index.php\/wp-json\/wp\/v2\/media?parent=2160"}],"curies":[{"name":"wp","href":"https:\/\/api.w.org\/{rel}","templated":true}]}}